- 2792 + 572, -4*u = -3*q + 3344. Calculate the remainder when q is divided by 303.
215
Let p(z) = -12649*z - 1047. What is the remainder when p(-1) is divided by 55?
52
Suppose -2*x - 400 = -0*x - 4*s, -764 = 4*x + 4*s. Let c = x + 198. What is the remainder when 8 is divided by c?
0
Let s(n) = n**3 + 7*n**2 - 2*n. Let b be 12/(-18) - (-110)/(-15). What is the remainder when s(-6) is divided by (b + 5)/((-3)/5)?
3
Let f(g) = -3*g**2 + 49*g - 30. What is the remainder when 300 is divided by f(14)?
28
Let c(d) = -d**3 - 32*d**2 + 31*d - 45. Let a be c(-33). Suppose -s - 3*j - a = -2*s, -3*j - 81 = -3*s. What is the remainder when s is divided by 12?
6
Let c = 1020 + -805. What is the remainder when 633 is divided by c?
203
Let g(q) = -2*q - 326 + 653 - 325 + 7*q**2. What is the remainder when g(-2) is divided by 9?
7
Let g(p) = -11*p - 1. Let h be g(1). Let l(y) = y**2 + 12*y + 18. Let f be l(h). Suppose 0 = 4*z - 106 - f. What is the remainder when 123 is divided by z?
30
Suppose -4*z + 83 - 95 = 0. Let y be (-13 + 11)*(z + (-3)/(-3)). Calculate the remainder when ((-6)/(-4) - y)*-18 is divided by 29.
16
Suppose 2144 = 9*a - 2185. Calculate the remainder when a is divided by 150.
31
Let s be (-2 + 1)*1*-3. Suppose 50 = s*j + 2*j. Suppose -9*o - 2808 = -71*o + 36*o. What is the remainder when o is divided by j?
8
Suppose -27101*y + b + 173 = -27096*y, 4*y + 2*b - 88 = 0. Suppose 0 = d - 0*d - 26. Calculate the remainder when y is divided by d.
5
Suppose -2*v + 14 = -2*q, 6*v + 4*q + 10 = 4*v. Suppose 0 = -v*l + 7*l + p - 164, 2*l = -p + 80. What is the remainder when 79 is divided by l?
37
Suppose -5*h = 2*q + 23, 5*q - 3*h = -4*h - 23. Let s be 6/q + 4 + (-6)/12. What is the remainder when 79 is divided by (s - (-19)/2)*2 - 2?
16
Let t be -6*(-1)/6 - -3. Suppose 6*j - t*j - 160 = 0. Calculate the remainder when j is divided by 14.
10
Let r be ((-2)/(4*(-4)/16))/(-2). What is the remainder when (58/(-4))/(4/(-8)) is divided by -6 + 9 + r + -3 + 8?
1
Let l be (-2)/4*(0 + 0). Let i = 1197 + -1187. What is the remainder when i is divided by 10 + (l - (-1 + 3))?
2
Let x = -288 - -666. Suppose -x = 7*t - 1099. Let m(i) = 2*i + 1. What is the remainder when t is divided by m(6)?
12
Let k = -6344 - -6591. What is the remainder when 1244 is divided by k?
9
Let p = -44266 + 44528. What is the remainder when p is divided by 27?
19
Suppose -1 - 141 = -4*w - 2*i, -i - 151 = -4*w. Let k = w + -33. Calculate the remainder when 163 is divided by (-5 + -61)/(k/(-2)).
31
Let s(u) be the first derivative of -u**3/3 + 11*u**2/2 + 16*u - 14. Let v be s(12). Let p = v - -17. What is the remainder when p is divided by 8?
5
Let p = 6936 - 6919. Calculate the remainder when 2646 is divided by p.
11
Let d(o) = 6*o**2 - o + 2. What is the remainder when d(4) is divided by 71/((-6248)/(-48)) - (-203)/11?
18
Suppose 2*m - 121 = -5*z, -54 = -2*z - 56. Calculate the remainder when m is divided by 11.
8
Let d(t) = t**3 - 8*t**2 - 3*t - 24. Calculate the remainder when d(9) is divided by (-4 - -2)*-1 - (-18 - -1).
11
Let v(l) = l**3 - 11*l**2 - 37*l + 523. What is the remainder when v(15) is divided by 61?
14
Let u(n) = -n**2 + 139*n - 3610. What is the remainder when u(53) is divided by 10?
8
Let y = -21602 + 21705. Calculate the remainder when 7412 is divided by y.
99
Suppose 3*o - 18 = 0, -31*u + o = -29*u - 44. What is the remainder when 455 is divided by u?
5
Suppose 6*b = 115 + 1229. Let p(m) = 9*m**2 + 2*m - 3. Let o be p(-3). Suppose a - o = -j, -5*j + b = -a + 4*a. What is the remainder when a is divided by 35?
33
Suppose 4*r = 5*i + 5868, -17*i + 5896 = 4*r - 15*i. Suppose 5*q + o - r = 0, 7*q - 2*q = -4*o + 1478. Calculate the remainder when q is divided by 9.
6
Suppose -3*k + 4*s = -1260 - 3371, 6233 = 4*k + 3*s. Calculate the remainder when k is divided by 19.
14
Let p = 170 - 350. Let d = p + 205. Let l = -71 + 119. Calculate the remainder when l is divided by d.
23
Calculate the remainder when (4/10)/(610/15092925) is divided by 180.
177
Let k = -24939 - -24971. Suppose -5*o + 61 = 4*q, 5*o + 4*q - 62 = q. What is the remainder when k is divided by o?
6
Let s(h) = -1506*h + 13557. Calculate the remainder when 12968 is divided by s(9).
2
Let o(d) = 2*d**2 - 10*d + 13. Calculate the remainder when o(7) is divided by 3287/133 - (144/(-308) - (-8)/44).
16
Suppose 0 = 4*u - 190 - 54. Let y(i) = 6*i**2 - 153*i + 82. Calculate the remainder when u is divided by y(25).
5
Suppose 55 = 3*b - 5*u, 2*u = -b + 7*u + 5. Let r(c) = 39*c + 0*c - 1 + 9*c. Calculate the remainder when r(1) is divided by b.
22
Let d = 736 - 712. Calculate the remainder when 5520 is divided by d.
0
What is the remainder when (11/((-33)/(-9)))/(((-4)/282)/(-2)) is divided by 32?
7
Suppose 3*y - 4306 = 2*b, 28*y - 3*b - 24437 = 15862. What is the remainder when 4339 is divided by y?
19
What is the remainder when 23936/442 - (22/(-26) - -1) is divided by (3/(-6)*58)/(-1)?
25
Suppose 2*t - 6 = 4, 4*p + 5*t - 37 = 0. Suppose -2*l + 3*k + 2*k = 18, -p*l + 5*k = 17. What is the remainder when l is divided by (-21)/(-7) - 3/(-9)*-6?
0
Suppose 7*x - 68 = -19. Suppose 0 = -2*t - w + 29, 3*w - x*w - 27 = -3*t. Suppose -22*u = -t*u - 2574. Calculate the remainder when u is divided by 48.
46
Calculate the remainder when 699 is divided by ((-114)/(-4))/(20/15 + 414/(-432)).
15
Suppose 0 = -89*c + 51*c + 266. Calculate the remainder when 703 is divided by c.
3
Suppose -2*u - 2*i = -38, -3*i + 12 = -3*u + 39. Suppose 5*s - s = 200. Suppose 2*b - 128 + s = 0. What is the remainder when b is divided by u?
11
Let t(p) = -5*p - 140. Let j be t(0). Let g = -116 - j. Calculate the remainder when 108 is divided by g.
12
Let a = -44 - -64. Suppose -3*y + 59 = 5*h - 81, 0 = 4*h + a. Suppose -2*v = -4*d - 60, -33 = 5*v + 4*d - 169. What is the remainder when y is divided by v?
27
Suppose 334397 + 610199 = 83*l - 615057. What is the remainder when l is divided by 116?
115
Suppose -5*v - 569 - 210 = m, -789 = m + 3*v. Let y = m - -811. What is the remainder when 32 is divided by y?
4
Suppose -126*l = 31*l - 942. Let q be 2/(-6) + (-13)/(-3). Suppose 37 - q = u. What is the remainder when u is divided by l?
3
Suppose 0 = -3*p + 4*r + 83, -5*r + 160 = 170. What is the remainder when 4774 is divided by p?
24
Let n be 1*4*145/58. Let o = n + -3. Calculate the remainder when -2*-15*2/4 is divided by o.
1
Let u(y) = 2*y + 5. Let f = -42511 + 42646. Calculate the remainder when f is divided by u(6).
16
What is the remainder when 344 is divided by (7 - 148)/((-2)/(-3)*132/(-88))?
62
Let u = 38 - 35. Suppose -s - u*s = -2*l - 256, 3*s = -l + 182. What is the remainder when s is divided by (16/10)/(2/20)?
14
Let t = -8 - -17. Let z(u) = -u - 7*u**2 + 8*u**2 - 7 - 5 - 4 + 0*u**2. Calculate the remainder when z(t) is divided by 19.
18
Let m(t) = -2*t**3 + 165*t**2 - 80*t - 5. What is the remainder when 6836 is divided by m(82)?
158
Let m(b) = -170*b - 1497. What is the remainder when 325 is divided by m(-9)?
28
Let w be (-1)/((-494)/(-165) - 3). Suppose 24*m + w = 29*m. Calculate the remainder when 129 is divided by m.
30
Let y = -85 + 94. Suppose -3*w - 4*g = -1, -5*w + 55 = 5*g - y*g. Suppose -q - 2*q = -57. Calculate the remainder when q is divided by w.
5
Calculate the remainder when ((-125274)/(-114) - -2) + 16/152 is divided by 326.
123
What is the remainder when 247 is divided by (306/17)/(3 + (-438)/150)?
22
Let l = -75 - -87. Suppose g + 3*b = l, 3*g = -4*b + 17 + 9. Suppose -g*s + 2*s + 92 = 0. What is the remainder when s is divided by 13?
10
Let v = -60 - -74. Suppose 5*u = -17*t + v*t + 72, 4*t + 19 = u. What is the remainder when u is divided by 6?
3
Suppose -9*v = -11*v + 108. Suppose -4202 = 5*c - 4257. Calculate the remainder when v is divided by c.
10
Suppose -31*p - 177 + 488 = -1053. What is the remainder when p is divided by 9/3 + -1 + 17?
6
Let b = 10 - -345. What is the remainder when 1076 is divided by b?
11
Let l(b) = -2 + 3 - 3 - 7 - b. Let v be l(-12). Suppose 1 - v = -p. Calculate the remainder when 3 is divided by p.
1
Suppose 4*d - 813 = 2*d - 5*q, -5*q + 419 = d. Let w = d + -268. Suppose w = 3*c + 4*j - 6*j, -3*j - 9 = 0. Calculate the remainder when c is divided by 11.
7
What is the remainder when 2